51 - 149. What is the remainder when u is divided by g?
0
Let w = 1042 - 328. What is the remainder when w is divided by 154?
98
Suppose -4*z - 4*p = -20, -z - 6*p = -4*p. Suppose z*y + 5400 = 35*y. Calculate the remainder when y is divided by 56.
48
Let v(w) = 7*w - 1. Suppose 12 = 3*a + 792. Let s = -182 - a. What is the remainder when s is divided by v(4)?
24
Suppose -65*a + 64*a - 2*c + 20 = 0, -4*a + 74 = 2*c. Suppose -205 = -2*k - 3*k. Calculate the remainder when k is divided by a.
5
Let m = 18 - 288. Let x = m - -276. What is the remainder when 35 is divided by x?
5
Suppose 5*q = -167 - 153. Let v = q + 63. Calculate the remainder when 19 is divided by 2/(v/((-14)/4)).
5
Suppose -40*g + 971 = 251. Calculate the remainder when 3813 is divided by g.
15
Suppose 200*g = 232*g - 47392. Calculate the remainder when g is divided by 53.
50
Let a(z) = 559*z - 3329. Calculate the remainder when 4222 is divided by a(6).
22
Let d(v) = -6*v + 20. Suppose m - i + 0*i = 0, 0 = -5*m - 5*i - 20. What is the remainder when d(m) is divided by 5?
2
Let f(h) = h**3 - 4*h**2 + 5*h - 2. Let s be f(3). Let t be (s/(-3))/(-2*(-4)/(-72)). Let u = 20 - t. What is the remainder when 13 is divided by u?
5
Let n(y) be the first derivative of y**4/2 - y**3/3 + 5*y**2/2 - 3*y - 2. Let v be 16/32*(3 - -1). Calculate the remainder when 30 is divided by n(v).
11
Let o(z) = -z**2 - 36*z + 103. Let s be (-2398)/66 - 4/6. Calculate the remainder when o(s) is divided by 10.
6
Suppose 38 = 5*x - 7. Let r(s) = -5*s - 3. Let p be r(-3). Suppose 2 = -5*z + p. Calculate the remainder when x is divided by z.
1
Suppose 0*c + 4*c = -3*v - 156, 2*c + 5*v + 78 = 0. Let j = 21 + c. Let p = j + 88. Calculate the remainder when p is divided by 19.
13
Let y be 6/(0 + 8/(-708)). Let z be y/(-21) + 6/(-21). What is the remainder when 160 is divided by ((-15)/z)/(1/(-45))?
25
Let x be (-1068)/9 + 1/(-3). Let r = -47 - x. Suppose -15 = 3*m - r. What is the remainder when 74 is divided by m?
17
Suppose -722 = -3*c + 415. What is the remainder when c is divided by 97?
88
Let y(f) be the first derivative of 87*f**4/4 + f**3/3 - f**2 + 2*f + 388. Suppose b = -0*b + 1. What is the remainder when y(b) is divided by 10?
8
Suppose -w + 5*a + 112 = 0, 2*w - 260 = -6*a + 4*a. Let h = w - 108. Calculate the remainder when 73 is divided by h.
16
Let w = 22 + 1. Suppose 29*n - w*n - 126 = 0. What is the remainder when 41 is divided by n?
20
Let t = 76 - 74. Suppose t*z = 2*g + 8, 3*z + 2*z - 2*g = 14. Suppose 162 = 5*v - 4*o, -z*o - 13 + 37 = v. What is the remainder when 56 is divided by v?
26
Let b = -292 - -275. Let m(r) = -5*r - 67. Let s(i) = -36*i - 3. What is the remainder when s(-2) is divided by m(b)?
15
Let x(j) = -5*j**3 - 3*j**2 - 3*j - 1. Let z be x(-1). Suppose -8*n = z*c - 5*n - 139, -2*c - n + 71 = 0. Calculate the remainder when 147 is divided by c.
36
Suppose 4*w = -m - 32 + 101, 0 = -5*m + 5*w + 220. Calculate the remainder when ((-286)/(-4))/(2/4) is divided by m.
45
Let z = 248 + -58. Let c = -58 + z. Calculate the remainder when c is divided by 34.
30
Let v = -5661 + 6313. What is the remainder when 656 is divided by v?
4
Let d = -105 + 111. Suppose -d*b + 306 = 11*b. Calculate the remainder when (-26)/(1/(-4)*1) is divided by b.
14
Suppose 2*o - 3*c = -14, 4*o - c + 60 = -3*c. Let x(v) = -2*v + 10. Calculate the remainder when 106 is divided by x(o).
34
Suppose 144*y = 143*y + 502. What is the remainder when y is divided by 12?
10
Let v be 8172/20 - (-14)/35. Suppose 6*x - v = 287. What is the remainder when x is divided by 2 + (-4 - 45/(-3))?
12
Let k = -12 + -15. Let c(t) = -4*t - 87. Calculate the remainder when c(k) is divided by 9.
3
Let l be 998/4 + (-11)/22. Suppose -6*j + j = -2*z - 415, -3*j = -2*z - l. Let w = -36 + j. Calculate the remainder when w is divided by 25.
22
Suppose 3*m + 3 = 0, -2*m + 11 - 5 = 4*o. Calculate the remainder when 25 is divided by (3 - -26 - 3) + (o - 6).
3
Let p = -40 - -37. Let f be (p + (-1 - 0))*(-4)/8. Suppose -f*m - 7 = -n, 3*m + 67 = 5*n + m. Calculate the remainder when 87 is divided by n.
12
Let h be -1 - 6/(-4) - (-3)/6. What is the remainder when 149 is divided by (2 - (-16 + h))*1?
13
Suppose -11*m + 10*m + 132 = 0. Let c = 248 - m. What is the remainder when 1 + c + 2*1 is divided by 40?
39
Let h(i) = 27*i + 0*i - 1667 + i**2 + 1682. Calculate the remainder when 464 is divided by h(-27).
14
Let a = 65 - 63. Suppose 0 = -5*y + 2*y, -3*c = -a*y - 177. Suppose -110 = -3*o - c. What is the remainder when o is divided by 2?
1
Calculate the remainder when 8555 is divided by 3/((-9)/2)*(477 - 510).
19
Let d = -55 + 51. Let u(m) = -m**3 - 5*m**2 - 4*m + 3. Let p be u(d). Suppose -24 = p*r - 99. What is the remainder when r is divided by 10?
5
Let w(c) = 2*c**3 - 9*c**2 + 12*c - 41. Let l(v) = 8*v + 102. Let g be l(-12). What is the remainder when w(g) is divided by 70?
69
Let u be ((-216)/(-10))/((-16)/360). Let f = 511 + u. What is the remainder when (-2)/5*(-2 + -153) is divided by f?
12
What is the remainder when 5059 is divided by ((-3)/1)/(610/88 + 658/(-94))?
43
Let x be (-389)/5 - (-1)/(-5). Suppose m - 5*f - 26 = 0, 5*m + 1443*f = 1440*f + 186. What is the remainder when m is divided by ((x - -2)/2)/(-2)?
17
Let u = -557 - -300. Let k = u + 386. Calculate the remainder when k is divided by 65.
64
Let o(z) = 2*z**3 - 25*z**2 - 36*z - 80. What is the remainder when o(15) is divided by 102?
97
Let o = -4219 + 4234. Calculate the remainder when 20 is divided by o.
5
Suppose -340 - 2047 = -77*b. Calculate the remainder when 3398 is divided by b.
19
Let z = -89 + 97. Suppose -6*o = -z*o + 4. Suppose -o*d = -7*d + 25, 0 = 5*y + 2*d - 155. What is the remainder when y is divided by 3?
2
Suppose 900 = 5*l - 2*p + 837, -p = -2*l + 27. Calculate the remainder when 4/6 + (-708)/(-18) is divided by l.
4
Suppose b - 4 = -3*j, 5*j - 20*b = -24*b + 2. What is the remainder when 134 is divided by j?
0
Let x = 2 + -13. Let l = 19 - x. Suppose 285 - 29 = 16*s. Calculate the remainder when l is divided by s.
14
Let s(y) = y**3 - y**2 + 5*y + 31. Let n be s(0). Suppose 28*l + 84 = n*l. Calculate the remainder when 697 is divided by l.
25
Suppose 267 = 4*s + 83. Let y = s + -37. Suppose -4*h + 5*p + 33 = 0, 0 = -5*p + 2*p + y. What is the remainder when 41 is divided by h?
5
Suppose 89*t - 6811 - 15617 = 0. What is the remainder when t is divided by 52?
44
Let b = 36 - 34. Suppose 3*q - q = 2*j - 2, q - 2 = -b*j. What is the remainder when q + -3 - (-1 - 73) is divided by 37?
34
Let x = -701 - -658. Let z(v) = -v**3 - 44*v**2 - 41*v + 94. Calculate the remainder when 173 is divided by z(x).
5
Suppose 52 = -5*v + 412. Suppose 19*m = 23*m + v. Let u = m + 29. Calculate the remainder when 107 is divided by u.
8
Let n be (82/4)/(((-4)/24)/1). Let v = 185 + n. Let x = v + -29. Calculate the remainder when x is divided by 17.
16
Let a(m) = -m**3 + 3*m - 1. Let z be a(-3). Suppose -3*r = -7 - z. Calculate the remainder when r is divided by -1 - (1 + 2 - 5).
0
Let o = 128 - 69. Calculate the remainder when o is divided by (-28)/(-56)*(13 + -5) + (1 - -15).
19
Let y be (-1 - 4/(-12))/(2/(-201)). Let q(d) = -33*d + 4. Let x be q(2). Let p = y + x. What is the remainder when 34 is divided by p?
4
Suppose 4*s - 747 - 105 = -2*b, 654 = 3*s - b. What is the remainder when s is divided by (-3 - -2)/((-3)/93)?
30
Let q = -20354 + 28557. Calculate the remainder when q is divided by 7.
6
Let s = -28017 + 29597. What is the remainder when 7908 is divided by s?
8
Let t be (-49796)/354*(-3 - 0). Let b = 945 - t. What is the remainder when b is divided by 66?
61
Let o(p) = 39*p**2 - 666*p + 666. What is the remainder when 6625 is divided by o(1)?
34
Let s(m) = -84*m**3 + 3*m**2 - 2. Let n be s(1). Let k = -65 - n. Calculate the remainder when 26 is divided by k.
8
Suppose -8*p + 5*c + 25 = -3*p, 2*p + c = -5. Suppose -3*f - 3*t + 195 = p, -4*t + 80 = 2*f - f. What is the remainder when 163 is divided by f?
43
Suppose 2*u + 0*u = 12. Suppose -58 = -r - 4*c, -66*c - 290 = -5*r - 64*c. Calculate the remainder when r is divided by u.
4
Suppose -u = b + 2*u - 20, 4*u = 0. Let s = 4367 - 4229. What is the remainder when s is divided by b?
18
Let z be (-2 + 1)*(-48)/4. Suppose 1